{"id":1356,"date":"2021-02-17T10:05:58","date_gmt":"2021-02-17T10:05:58","guid":{"rendered":"https:\/\/syrau.de\/drachenhoehle\/?page_id=1356"},"modified":"2024-01-31T13:16:31","modified_gmt":"2024-01-31T13:16:31","slug":"oteviraci-doby","status":"publish","type":"page","link":"https:\/\/syrau.de\/drachenhoehle\/cs\/oteviraci-doby\/","title":{"rendered":"Otev\u00edrac\u00ed doby"},"content":{"rendered":"\n<p class=\"has-text-align-left\"><mark style=\"background-color:rgba(0, 0, 0, 0)\" class=\"has-inline-color has-black-color\">Od dubna do \u0159\u00edjna:                 ka\u017ed\u00fd den 9.30 &#8211; 17.00<\/mark><br><strong><mark style=\"background-color:rgba(0, 0, 0, 0)\" class=\"has-inline-color has-vivid-red-color\">Od listopadu do bre\u017ena:     ka\u017ed\u00fd den 10.00 &#8211; 16.00<\/mark><\/strong><br>prosinec, leden:                      zav\u0159eno<\/p>\n\n\n\n<figure class=\"wp-block-image is-resized\"><img loading=\"lazy\" decoding=\"async\" width=\"410\" height=\"308\" src=\"https:\/\/syrau.de\/drachenhoehle\/wp-content\/uploads\/raum4klein.jpg\" alt=\"\" class=\"wp-image-1357\" style=\"width:146px;height:110px\" srcset=\"https:\/\/syrau.de\/drachenhoehle\/wp-content\/uploads\/raum4klein.jpg 410w, https:\/\/syrau.de\/drachenhoehle\/wp-content\/uploads\/raum4klein-300x225.jpg 300w\" sizes=\"auto, (max-width: 410px) 100vw, 410px\" \/><\/figure>\n\n\n\n<p><br>MIMO\u0158\u00c1DN\u00c1 PROHL\u00cdDKA mimo otev\u00edrac\u00ed dobu jeskyn\u011b je mo\u017en\u00e1 pouze po p\u0159edchoz\u00ed dohod\u011b se spr\u00e1vou jeskyn\u011b, pokud to provozn\u00ed podm\u00ednky dovol\u00ed. <\/p>\n","protected":false},"excerpt":{"rendered":"<p>Od dubna do \u0159\u00edjna: ka\u017ed\u00fd den 9.30 &#8211; 17.00Od listopadu do bre\u017ena: ka\u017ed\u00fd den 10.00 &#8211; 16.00prosinec, leden: zav\u0159eno MIMO\u0158\u00c1DN\u00c1 PROHL\u00cdDKA mimo otev\u00edrac\u00ed dobu jeskyn\u011b je mo\u017en\u00e1 pouze po p\u0159edchoz\u00ed dohod\u011b se spr\u00e1vou jeskyn\u011b, pokud to provozn\u00ed podm\u00ednky dovol\u00ed.<\/p>\n","protected":false},"author":3,"featured_media":0,"parent":0,"menu_order":2,"comment_status":"closed","ping_status":"closed","template":"","meta":{"ngg_post_thumbnail":0,"footnotes":""},"class_list":["post-1356","page","type-page","status-publish","hentry"],"_links":{"self":[{"href":"https:\/\/syrau.de\/drachenhoehle\/wp-json\/wp\/v2\/pages\/1356","targetHints":{"allow":["GET"]}}],"collection":[{"href":"https:\/\/syrau.de\/drachenhoehle\/wp-json\/wp\/v2\/pages"}],"about":[{"href":"https:\/\/syrau.de\/drachenhoehle\/wp-json\/wp\/v2\/types\/page"}],"author":[{"embeddable":true,"href":"https:\/\/syrau.de\/drachenhoehle\/wp-json\/wp\/v2\/users\/3"}],"replies":[{"embeddable":true,"href":"https:\/\/syrau.de\/drachenhoehle\/wp-json\/wp\/v2\/comments?post=1356"}],"version-history":[{"count":11,"href":"https:\/\/syrau.de\/drachenhoehle\/wp-json\/wp\/v2\/pages\/1356\/revisions"}],"predecessor-version":[{"id":2529,"href":"https:\/\/syrau.de\/drachenhoehle\/wp-json\/wp\/v2\/pages\/1356\/revisions\/2529"}],"wp:attachment":[{"href":"https:\/\/syrau.de\/drachenhoehle\/wp-json\/wp\/v2\/media?parent=1356"}],"curies":[{"name":"wp","href":"https:\/\/api.w.org\/{rel}","templated":true}]}}