{"id":143,"date":"2017-07-04T11:55:50","date_gmt":"2017-07-04T11:55:50","guid":{"rendered":"http:\/\/syrau.de\/drachenhoehle\/?page_id=143"},"modified":"2026-04-23T14:37:28","modified_gmt":"2026-04-23T14:37:28","slug":"startseite","status":"publish","type":"page","link":"https:\/\/syrau.de\/drachenhoehle\/","title":{"rendered":"Sagenhafte Unterwelt"},"content":{"rendered":"\n<p class=\"has-text-align-center has-white-color has-black-background-color has-text-color has-background has-link-color has-medium-font-size wp-elements-b4e2de20249e5fd2a00630793033536d\"><strong>BEGINN BAUSTELLE: <\/strong><br><strong>Am 09. April kommt es zur VOLLSPERRUNG des Wohnmobilstellplatzes und im Parkplatzbereich. Parkpl\u00e4tze im Ort auf Bahnhofstra\u00dfe oder an der Windm\u00fchle (20min Fu\u00dfweg). <\/strong><\/p>\n\n\n\n<p class=\"has-text-align-center has-black-color has-vivid-green-cyan-background-color has-text-color has-background has-link-color wp-elements-fa7ab8a6ba560371c934734938d97b16\"><strong>AB 23.04.2026 WIEDER ALLE F\u00dcHRUNGEN MIT LASERSHOW!<\/strong><\/p>\n\n\n\n<p class=\"has-text-align-center has-small-font-size\"><img loading=\"lazy\" decoding=\"async\" width=\"140\" height=\"189\" class=\"wp-image-2181\" style=\"width: 140px;\" src=\"https:\/\/syrau.de\/drachenhoehle\/wp-content\/uploads\/Bild-Kurz.jpg\" alt=\"\" srcset=\"https:\/\/syrau.de\/drachenhoehle\/wp-content\/uploads\/Bild-Kurz.jpg 1485w, https:\/\/syrau.de\/drachenhoehle\/wp-content\/uploads\/Bild-Kurz-223x300.jpg 223w, https:\/\/syrau.de\/drachenhoehle\/wp-content\/uploads\/Bild-Kurz-760x1024.jpg 760w, https:\/\/syrau.de\/drachenhoehle\/wp-content\/uploads\/Bild-Kurz-768x1035.jpg 768w, https:\/\/syrau.de\/drachenhoehle\/wp-content\/uploads\/Bild-Kurz-1139x1536.jpg 1139w\" sizes=\"auto, (max-width: 140px) 100vw, 140px\" \/><\/p>\n\n\n\n<div class=\"wp-block-group is-nowrap is-layout-flex wp-container-core-group-is-layout-ad2f72ca wp-block-group-is-layout-flex\">\n<p class=\"has-text-align-left\" style=\"font-size:16px\">Werfen Sie einen Blick in die einzige Schauh\u00f6hle Sachsens, Reich des Drachen Justus&#8230;&nbsp;&nbsp; In dieser geheimnisvollen, verborgenen Welt sehen Sie eine Vielfalt der verschiedensten Tropfsteine, kristallklare Seen, weiche Lehmformationen und bizarre Sintervorh\u00e4nge. Das herrliche H\u00f6hlenpanorama bietet eine einmalige Kulisse f\u00fcr unsere beeindruckende Lasershow (25.04.-08.11.2026) bei jeder F\u00fchrung dabei.<\/p>\n\n\n\n<p class=\"has-text-align-left\" style=\"font-size:16px\"> <img loading=\"lazy\" decoding=\"async\" width=\"250\" height=\"301\" class=\"wp-image-2312\" style=\"width: 250px;\" src=\"https:\/\/syrau.de\/drachenhoehle\/wp-content\/uploads\/ec-logo.png\" alt=\"\"><\/p>\n<\/div>\n\n\n\nngg_shortcode_0_placeholder\n\n\n\n<p> &nbsp; &nbsp;&nbsp; &nbsp;&nbsp;&nbsp;&nbsp;&nbsp;&nbsp; &nbsp;&nbsp;&nbsp;&nbsp;&nbsp;&nbsp;&nbsp;&nbsp; <span style=\"color: #ffffff;\"> &nbsp; &nbsp;&nbsp;&nbsp;&nbsp;<\/span><\/p>\n\n\n\n<p><\/p>\n","protected":false},"excerpt":{"rendered":"<p>BEGINN BAUSTELLE: Am 09. April kommt es zur VOLLSPERRUNG des Wohnmobilstellplatzes und im Parkplatzbereich. Parkpl\u00e4tze im Ort auf Bahnhofstra\u00dfe oder an der Windm\u00fchle (20min Fu\u00dfweg). AB 23.04.2026 WIEDER ALLE F\u00dcHRUNGEN MIT LASERSHOW! Werfen Sie einen Blick in die einzige Schauh\u00f6hle Sachsens, Reich des Drachen Justus&#8230;&nbsp;&nbsp; In dieser geheimnisvollen, verborgenen Welt sehen Sie eine Vielfalt der &hellip; <\/p>\n<p class=\"link-more\"><a href=\"https:\/\/syrau.de\/drachenhoehle\/\" class=\"more-link\"><span class=\"screen-reader-text\">\u201eSagenhafte Unterwelt\u201c <\/span>weiterlesen<\/a><\/p>\n","protected":false},"author":1,"featured_media":0,"parent":0,"menu_order":0,"comment_status":"closed","ping_status":"closed","template":"","meta":{"ngg_post_thumbnail":0,"footnotes":""},"class_list":["post-143","page","type-page","status-publish","hentry"],"_links":{"self":[{"href":"https:\/\/syrau.de\/drachenhoehle\/wp-json\/wp\/v2\/pages\/143","targetHints":{"allow":["GET"]}}],"collection":[{"href":"https:\/\/syrau.de\/drachenhoehle\/wp-json\/wp\/v2\/pages"}],"about":[{"href":"https:\/\/syrau.de\/drachenhoehle\/wp-json\/wp\/v2\/types\/page"}],"author":[{"embeddable":true,"href":"https:\/\/syrau.de\/drachenhoehle\/wp-json\/wp\/v2\/users\/1"}],"replies":[{"embeddable":true,"href":"https:\/\/syrau.de\/drachenhoehle\/wp-json\/wp\/v2\/comments?post=143"}],"version-history":[{"count":669,"href":"https:\/\/syrau.de\/drachenhoehle\/wp-json\/wp\/v2\/pages\/143\/revisions"}],"predecessor-version":[{"id":2855,"href":"https:\/\/syrau.de\/drachenhoehle\/wp-json\/wp\/v2\/pages\/143\/revisions\/2855"}],"wp:attachment":[{"href":"https:\/\/syrau.de\/drachenhoehle\/wp-json\/wp\/v2\/media?parent=143"}],"curies":[{"name":"wp","href":"https:\/\/api.w.org\/{rel}","templated":true}]}}