{"id":147,"date":"2017-07-04T11:57:04","date_gmt":"2017-07-04T11:57:04","guid":{"rendered":"http:\/\/syrau.de\/drachenhoehle\/?page_id=147"},"modified":"2026-01-13T11:02:51","modified_gmt":"2026-01-13T11:02:51","slug":"domovska-stranka","status":"publish","type":"page","link":"https:\/\/syrau.de\/drachenhoehle\/cs\/domovska-stranka\/","title":{"rendered":"Legend\u00e1rn\u00ed podsv\u011bt\u00ed"},"content":{"rendered":"\n<p id=\"tw-target-text\"><\/p>\n\n\n\n<p class=\"has-text-align-right\">V\u00edtejte v jedine\u010dn\u00e9 n\u00e1v\u0161t\u011bvnick\u00e9 jeskyni v Saksu, v mystick\u00e9m podzem\u00ed Syrau <\/p>\n\n\n<div class=\"wp-block-image\">\n<figure class=\"alignright size-full is-resized\"><img loading=\"lazy\" decoding=\"async\" width=\"200\" height=\"241\" src=\"https:\/\/syrau.de\/drachenhoehle\/wp-content\/uploads\/ec-logo-2.png\" alt=\"\" class=\"wp-image-2321\" style=\"width:80px\"\/><\/figure>\n<\/div>\n\n\n<p>Nechte se un\u00e9st do \u0159\u00ed\u0161e draka, kter\u00fd st\u0159e\u017e\u00ed sv\u00e9 podzemn\u00ed poklady. V hloubce 16 metr\u016f pod zem\u00ed le\u017e\u00ed ukryt fantastick\u00fd sv\u011bt, kter\u00fd prozkoum\u00e1me na prohl\u00eddkov\u00e9 trase dlhou\u00e9 350 metr\u016f. Mal\u00e9 i velk\u00e9 okouzl\u00ed k\u0159i\u0161\u0165\u00e1lov\u011b \u010dist\u00e1 jez\u00edrka, n\u00e1dhern\u00e9 kr\u00e1pn\u00edky a unik\u00e1tn\u00ed j\u00edlov\u00e9 formace. \u00da\u017easn\u00fd z\u00e1\u017eitek pro celou rodinu! <\/p>\n\n\n\n<p><\/p>\n","protected":false},"excerpt":{"rendered":"<p>V\u00edtejte v jedine\u010dn\u00e9 n\u00e1v\u0161t\u011bvnick\u00e9 jeskyni v Saksu, v mystick\u00e9m podzem\u00ed Syrau Nechte se un\u00e9st do \u0159\u00ed\u0161e draka, kter\u00fd st\u0159e\u017e\u00ed sv\u00e9 podzemn\u00ed poklady. V hloubce 16 metr\u016f pod zem\u00ed le\u017e\u00ed ukryt fantastick\u00fd sv\u011bt, kter\u00fd prozkoum\u00e1me na prohl\u00eddkov\u00e9 trase dlhou\u00e9 350 metr\u016f. Mal\u00e9 i velk\u00e9 okouzl\u00ed k\u0159i\u0161\u0165\u00e1lov\u011b \u010dist\u00e1 jez\u00edrka, n\u00e1dhern\u00e9 kr\u00e1pn\u00edky a unik\u00e1tn\u00ed j\u00edlov\u00e9 formace. \u00da\u017easn\u00fd z\u00e1\u017eitek &hellip; <\/p>\n<p class=\"link-more\"><a href=\"https:\/\/syrau.de\/drachenhoehle\/cs\/domovska-stranka\/\" class=\"more-link\"><span class=\"screen-reader-text\">\u201eLegend\u00e1rn\u00ed podsv\u011bt\u00ed\u201c <\/span>weiterlesen<\/a><\/p>\n","protected":false},"author":1,"featured_media":0,"parent":0,"menu_order":0,"comment_status":"closed","ping_status":"closed","template":"","meta":{"ngg_post_thumbnail":0,"footnotes":""},"class_list":["post-147","page","type-page","status-publish","hentry"],"_links":{"self":[{"href":"https:\/\/syrau.de\/drachenhoehle\/wp-json\/wp\/v2\/pages\/147","targetHints":{"allow":["GET"]}}],"collection":[{"href":"https:\/\/syrau.de\/drachenhoehle\/wp-json\/wp\/v2\/pages"}],"about":[{"href":"https:\/\/syrau.de\/drachenhoehle\/wp-json\/wp\/v2\/types\/page"}],"author":[{"embeddable":true,"href":"https:\/\/syrau.de\/drachenhoehle\/wp-json\/wp\/v2\/users\/1"}],"replies":[{"embeddable":true,"href":"https:\/\/syrau.de\/drachenhoehle\/wp-json\/wp\/v2\/comments?post=147"}],"version-history":[{"count":18,"href":"https:\/\/syrau.de\/drachenhoehle\/wp-json\/wp\/v2\/pages\/147\/revisions"}],"predecessor-version":[{"id":2822,"href":"https:\/\/syrau.de\/drachenhoehle\/wp-json\/wp\/v2\/pages\/147\/revisions\/2822"}],"wp:attachment":[{"href":"https:\/\/syrau.de\/drachenhoehle\/wp-json\/wp\/v2\/media?parent=147"}],"curies":[{"name":"wp","href":"https:\/\/api.w.org\/{rel}","templated":true}]}}