{"id":186,"date":"2018-08-07T07:23:36","date_gmt":"2018-08-07T07:23:36","guid":{"rendered":"https:\/\/syrau.de\/windmuehle\/?page_id=186"},"modified":"2026-03-17T10:37:41","modified_gmt":"2026-03-17T10:37:41","slug":"veranstaltungen","status":"publish","type":"page","link":"https:\/\/syrau.de\/windmuehle\/veranstaltungen\/","title":{"rendered":"Veranstaltungen"},"content":{"rendered":"\n<p class=\"has-text-align-center\"><strong><mark style=\"background-color:rgba(0, 0, 0, 0)\" class=\"has-inline-color has-vivid-green-cyan-color\">Fl\u00fcgeldrehen 2026<\/mark><\/strong><\/p>\n\n\n\n<p><strong><mark style=\"background-color:rgba(0, 0, 0, 0)\" class=\"has-inline-color has-vivid-green-cyan-color\">Fl\u00fcgeldrehen<\/mark><\/strong> Ostermontag, 06.04.2026<\/p>\n\n\n\n<p><strong><mark style=\"background-color:rgba(0, 0, 0, 0)\" class=\"has-inline-color has-vivid-green-cyan-color\">Fl\u00fcgeldrehen <\/mark><\/strong>Pfingstmontag, 25.05.2025<\/p>\n\n\n\n<p><strong><mark style=\"background-color:rgba(0, 0, 0, 0)\" class=\"has-inline-color has-luminous-vivid-orange-color\">Konzert <\/mark><\/strong>&#8222;Die kleine musikalische Note&#8220; am 11.09.2026<\/p>\n\n\n\n<p><strong><mark style=\"background-color:rgba(0, 0, 0, 0)\" class=\"has-inline-color has-luminous-vivid-orange-color\">Konzert <\/mark><\/strong>&#8222;Die kleine musikalische Note&#8220; am 12.09.2026<\/p>\n\n\n\n<p><strong><mark style=\"background-color:rgba(0, 0, 0, 0)\" class=\"has-inline-color has-vivid-green-cyan-color\">Fl\u00fcgeldrehen <\/mark><\/strong>VORtag des offenen Denkmals, 12.09.2026<\/p>\n\n\n\n<p><strong><mark style=\"background-color:rgba(0, 0, 0, 0)\" class=\"has-inline-color has-vivid-green-cyan-color\">Fl\u00fcgeldrehen<\/mark><\/strong> Tag der dt. Einheit, 03.10.2026<\/p>\n\n\n<div class=\"wp-block-image\">\n<figure class=\"aligncenter size-large is-resized\"><img loading=\"lazy\" decoding=\"async\" width=\"1024\" height=\"754\" src=\"https:\/\/syrau.de\/windmuehle\/wp-content\/uploads\/DJI_0690pan-Windmuehle-Syrau_Archiv-TVV_S.-Theilig-1-1024x754.jpg\" alt=\"\" class=\"wp-image-547\" style=\"width:376px;height:auto\" srcset=\"https:\/\/syrau.de\/windmuehle\/wp-content\/uploads\/DJI_0690pan-Windmuehle-Syrau_Archiv-TVV_S.-Theilig-1-1024x754.jpg 1024w, https:\/\/syrau.de\/windmuehle\/wp-content\/uploads\/DJI_0690pan-Windmuehle-Syrau_Archiv-TVV_S.-Theilig-1-300x221.jpg 300w, https:\/\/syrau.de\/windmuehle\/wp-content\/uploads\/DJI_0690pan-Windmuehle-Syrau_Archiv-TVV_S.-Theilig-1-768x565.jpg 768w, https:\/\/syrau.de\/windmuehle\/wp-content\/uploads\/DJI_0690pan-Windmuehle-Syrau_Archiv-TVV_S.-Theilig-1-1536x1130.jpg 1536w, https:\/\/syrau.de\/windmuehle\/wp-content\/uploads\/DJI_0690pan-Windmuehle-Syrau_Archiv-TVV_S.-Theilig-1-2048x1507.jpg 2048w\" sizes=\"auto, (max-width: 767px) 89vw, (max-width: 1000px) 54vw, (max-width: 1071px) 543px, 580px\" \/><\/figure>\n<\/div>","protected":false},"excerpt":{"rendered":"<p>Fl\u00fcgeldrehen 2026 Fl\u00fcgeldrehen Ostermontag, 06.04.2026 Fl\u00fcgeldrehen Pfingstmontag, 25.05.2025 Konzert &#8222;Die kleine musikalische Note&#8220; am 11.09.2026 Konzert &#8222;Die kleine musikalische Note&#8220; am 12.09.2026 Fl\u00fcgeldrehen VORtag des offenen Denkmals, 12.09.2026 Fl\u00fcgeldrehen Tag der dt. Einheit, 03.10.2026<\/p>\n","protected":false},"author":3,"featured_media":0,"parent":0,"menu_order":0,"comment_status":"closed","ping_status":"closed","template":"","meta":{"ngg_post_thumbnail":0,"footnotes":""},"class_list":["post-186","page","type-page","status-publish","hentry"],"_links":{"self":[{"href":"https:\/\/syrau.de\/windmuehle\/wp-json\/wp\/v2\/pages\/186","targetHints":{"allow":["GET"]}}],"collection":[{"href":"https:\/\/syrau.de\/windmuehle\/wp-json\/wp\/v2\/pages"}],"about":[{"href":"https:\/\/syrau.de\/windmuehle\/wp-json\/wp\/v2\/types\/page"}],"author":[{"embeddable":true,"href":"https:\/\/syrau.de\/windmuehle\/wp-json\/wp\/v2\/users\/3"}],"replies":[{"embeddable":true,"href":"https:\/\/syrau.de\/windmuehle\/wp-json\/wp\/v2\/comments?post=186"}],"version-history":[{"count":32,"href":"https:\/\/syrau.de\/windmuehle\/wp-json\/wp\/v2\/pages\/186\/revisions"}],"predecessor-version":[{"id":563,"href":"https:\/\/syrau.de\/windmuehle\/wp-json\/wp\/v2\/pages\/186\/revisions\/563"}],"wp:attachment":[{"href":"https:\/\/syrau.de\/windmuehle\/wp-json\/wp\/v2\/media?parent=186"}],"curies":[{"name":"wp","href":"https:\/\/api.w.org\/{rel}","templated":true}]}}